{"id":1667,"date":"2012-08-14T17:55:04","date_gmt":"2012-08-14T17:55:04","guid":{"rendered":"http:\/\/www.francois-couturier.fr\/?page_id=1667"},"modified":"2017-06-30T12:07:47","modified_gmt":"2017-06-30T12:07:47","slug":"duo-anja-lechner-francois-couturier","status":"publish","type":"page","link":"http:\/\/www.francois-couturier.fr\/?page_id=1667","title":{"rendered":"&#8211; Duo Anja Lechner \/ Fran\u00e7ois Couturier"},"content":{"rendered":"<p>&nbsp;<\/p>\n<p><a href=\"http:\/\/www.francois-couturier.fr\/wp-content\/uploads\/2014\/08\/10407118_817489398286039_8669856532758670673_n.jpg\"><img loading=\"lazy\" decoding=\"async\" class=\"aligncenter wp-image-2040 size-full\" src=\"http:\/\/www.francois-couturier.fr\/wp-content\/uploads\/2014\/08\/10407118_817489398286039_8669856532758670673_n.jpg\" alt=\"&quot;Moderato cantabile&quot;\" width=\"720\" height=\"638\" srcset=\"http:\/\/www.francois-couturier.fr\/wp-content\/uploads\/2014\/08\/10407118_817489398286039_8669856532758670673_n.jpg 720w, http:\/\/www.francois-couturier.fr\/wp-content\/uploads\/2014\/08\/10407118_817489398286039_8669856532758670673_n-300x265.jpg 300w\" sizes=\"(max-width: 720px) 100vw, 720px\" \/><\/a><\/p>\n<p>&nbsp;<\/p>\n<p><span style=\"font-size: 20px; color: #000000;\"><strong>\u00a0 \u00a0 \u00a0 \u00a0 \u00a0 \u00a0 \u00ab\u00a0Moderato cantabile\u00a0\u00bb<\/strong><\/span><\/p>\n<p align=\"CENTER\"><span style=\"font-size: 16px; color: #000000;\">Sorti en Septembre 2015 chez Ecm<\/span><\/p>\n<p align=\"CENTER\"><a href=\"http:\/\/www.francois-couturier.fr\/wp-content\/uploads\/2012\/08\/DUO.jpeg\"><img loading=\"lazy\" decoding=\"async\" class=\"aligncenter wp-image-2711 size-full\" src=\"http:\/\/www.francois-couturier.fr\/wp-content\/uploads\/2012\/08\/DUO.jpeg\" alt=\"\" width=\"960\" height=\"643\" srcset=\"http:\/\/www.francois-couturier.fr\/wp-content\/uploads\/2012\/08\/DUO.jpeg 960w, http:\/\/www.francois-couturier.fr\/wp-content\/uploads\/2012\/08\/DUO-300x201.jpeg 300w, http:\/\/www.francois-couturier.fr\/wp-content\/uploads\/2012\/08\/DUO-768x514.jpeg 768w\" sizes=\"(max-width: 767px) 89vw, (max-width: 1000px) 54vw, (max-width: 1071px) 543px, 580px\" \/><\/a><\/p>\n<p><a href=\"https:\/\/www.facebook.com\/Lechner.Couturier\">Page Facebook du duo<\/a><\/p>\n<p><span style=\"font-size: small;\"><span style=\"font-family: Courier New;\"><span style=\"font-size: 11.5pt;\"><br \/>\n<\/span><\/span><\/span><\/p>\n<p class=\"MsoNormal\"><span style=\"font-size: 12px;\"><span style=\"font-family: arial,helvetica,sans-serif;\">L&rsquo;affinit\u00e9 musicale entre Anja Lechner et Fran\u00e7ois Couturier est devenue une \u00e9vidence lors de leurs concerts et enregistrements avec le\u00a0 Tarkovsky Quartet. Dans ce nouveau duo, la violoncelliste allemande et le pianiste fran\u00e7ais dessinent une sph\u00e8re musicale encore plus large\u00a0 en jouant des pi\u00e8ces de\u00a0 G.I. Gurdjieff, Federico Mompou et Anouar Brahem, ainsi que des compositions originales de\u00a0\u00a0 Fran\u00e7ois Couturier.Nouveaux arrangements, interpr\u00e9tations libres et improvisations font partie int\u00e9grante de leur travail lorsqu&rsquo;ils explorent un r\u00e9pertoire situ\u00e9, m\u00e9taphoriquement ou historico-musicalement au carrefour de l&rsquo;Est et de l&rsquo;Ouest.\u00a0\u00a0 La musique du catalan Mompou a puis\u00e9 ses influences, \u00e0 diff\u00e9rents niveaux, de l&rsquo;Impressionisme fran\u00e7ais, des sons de la nature et de la po\u00e9sie mystique de Saint Jean de la Croix (Musica Callada).\u00a0 Le philosophe Grec-Arm\u00e9nien et ma\u00eetre spirituel\u00a0 Gurdjieff\u00a0 a compos\u00e9 une musique influenc\u00e9e par ses voyages dans le Caucase et l&rsquo;Asie Mineure et qui int\u00e8gre des adaptations de musique profane et de danses sacr\u00e9es.\u00a0\u00a0 Anouar Brahem, le c\u00e9l\u00e8bre joueur de oud tunisien,\u00a0 \u00e9crit une musique influenc\u00e9e \u00e0 la fois par l&rsquo;Orient et l&rsquo;Occident.\u00a0\u00a0\u00a0 Fran\u00e7ois Couturier joue avec lui depuis de nombreuses ann\u00e9es et ma\u00eetrise parfaitement ce style de musique.\u00a0\u00a0 Anja Lechner, de son c\u00f4t\u00e9, s&rsquo;est totalement immerg\u00e9e dans l&rsquo;univers sonore de\u00a0 Gurdjieff. Son album \u201cChants, Hymns and Dances\u201d (avec Vasillis Tsabropoulos) a \u00e9t\u00e9 un succ\u00e8s critique et populaire et a influenc\u00e9 les \u00e9tudes des compositions de Gurdjieff au sein m\u00eame de son pays natal, l&rsquo;Arm\u00e9nie.\u00a0\u00a0\u00a0 <\/span><\/span><\/p>\n<p><span style=\"font-size: 12px;\"><span style=\"font-family: arial,helvetica,sans-serif;\">Fran\u00e7ois Couturier et Anja Lechner collaborent aussi avec la chanteuse Maria Pia Di Vito au projet\u00a0 \u00ab\u00a0In Compagnia D\u2019Amore\u00a0\u00bb, sur des arrangements par Fran\u00e7ois Couturier de la musique de Pergol\u00e8se.Le travail avec le Tarkovsky Quartet continue et s&rsquo;est enrichi d&rsquo;un nouveau\u00a0 projet audio-visuel \u00ab\u00a0Le temps scell\u00e9\u00a0\u00bb, avec le fils du cin\u00e9aste.<\/span><\/span><\/p>\n<p><a href=\"http:\/\/www.francois-couturier.fr\/wp-content\/uploads\/2012\/08\/lechner-couturier-duo.pdf\">&#8212;&#8212;&#8212;- Duo Lechner \/ Couturier &#8211; english version &#8211;\u00a0\u00a0\u00a0\u00a0\u00a0\u00a0\u00a0\u00a0\u00a0\u00a0\u00a0\u00a0\u00a0\u00a0\u00a0\u00a0\u00a0\u00a0\u00a0\u00a0\u00a0\u00a0\u00a0\u00a0\u00a0\u00a0\u00a0\u00a0 &#8212;<\/a><\/p>\n<p>&nbsp;<\/p>\n<p><a href=\"http:\/\/www.francois-couturier.fr\/wp-content\/uploads\/2012\/08\/Anja-Franc\u0327ois-2.jpg\"><img loading=\"lazy\" decoding=\"async\" class=\"aligncenter size-medium wp-image-2714\" src=\"http:\/\/www.francois-couturier.fr\/wp-content\/uploads\/2012\/08\/Anja-Franc\u0327ois-2-300x200.jpg\" alt=\"\" width=\"300\" height=\"200\" srcset=\"http:\/\/www.francois-couturier.fr\/wp-content\/uploads\/2012\/08\/Anja-Franc\u0327ois-2-300x200.jpg 300w, http:\/\/www.francois-couturier.fr\/wp-content\/uploads\/2012\/08\/Anja-Franc\u0327ois-2-768x511.jpg 768w, http:\/\/www.francois-couturier.fr\/wp-content\/uploads\/2012\/08\/Anja-Franc\u0327ois-2-1024x681.jpg 1024w\" sizes=\"(max-width: 300px) 100vw, 300px\" \/><\/a><\/p>\n<p>&nbsp;<\/p>\n<p>&nbsp;<\/p>\n","protected":false},"excerpt":{"rendered":"<p>&nbsp; &nbsp; \u00a0 \u00a0 \u00a0 \u00a0 \u00a0 \u00a0 \u00ab\u00a0Moderato cantabile\u00a0\u00bb Sorti en Septembre 2015 chez Ecm Page Facebook du duo L&rsquo;affinit\u00e9 musicale entre Anja Lechner et Fran\u00e7ois Couturier est devenue une \u00e9vidence lors de leurs concerts et enregistrements avec le\u00a0 Tarkovsky Quartet. Dans ce nouveau duo, la violoncelliste allemande et le pianiste fran\u00e7ais dessinent une &hellip; <\/p>\n<p class=\"link-more\"><a href=\"http:\/\/www.francois-couturier.fr\/?page_id=1667\" class=\"more-link\">Continuer la lecture<span class=\"screen-reader-text\"> de &laquo;&nbsp;&#8211; Duo Anja Lechner \/ Fran\u00e7ois Couturier&nbsp;&raquo;<\/span><\/a><\/p>\n","protected":false},"author":1,"featured_media":0,"parent":61,"menu_order":2,"comment_status":"closed","ping_status":"closed","template":"","meta":{"footnotes":""},"jetpack_sharing_enabled":true,"_links":{"self":[{"href":"http:\/\/www.francois-couturier.fr\/index.php?rest_route=\/wp\/v2\/pages\/1667"}],"collection":[{"href":"http:\/\/www.francois-couturier.fr\/index.php?rest_route=\/wp\/v2\/pages"}],"about":[{"href":"http:\/\/www.francois-couturier.fr\/index.php?rest_route=\/wp\/v2\/types\/page"}],"author":[{"embeddable":true,"href":"http:\/\/www.francois-couturier.fr\/index.php?rest_route=\/wp\/v2\/users\/1"}],"replies":[{"embeddable":true,"href":"http:\/\/www.francois-couturier.fr\/index.php?rest_route=%2Fwp%2Fv2%2Fcomments&post=1667"}],"version-history":[{"count":8,"href":"http:\/\/www.francois-couturier.fr\/index.php?rest_route=\/wp\/v2\/pages\/1667\/revisions"}],"predecessor-version":[{"id":2813,"href":"http:\/\/www.francois-couturier.fr\/index.php?rest_route=\/wp\/v2\/pages\/1667\/revisions\/2813"}],"up":[{"embeddable":true,"href":"http:\/\/www.francois-couturier.fr\/index.php?rest_route=\/wp\/v2\/pages\/61"}],"wp:attachment":[{"href":"http:\/\/www.francois-couturier.fr\/index.php?rest_route=%2Fwp%2Fv2%2Fmedia&parent=1667"}],"curies":[{"name":"wp","href":"https:\/\/api.w.org\/{rel}","templated":true}]}}

&#8211; Duo Anja Lechner / François Couturier

<p>&nbsp;</p>
<p><a href="http://www.francois-couturier.fr/wp-content/uploads/2014/08/10407118_817489398286039_8669856532758670673_n.jpg"><img loading="lazy" decoding="async" class="aligncenter wp-image-2040 size-full" src="http://www.francois-couturier.fr/wp-content/uploads/2014/08/10407118_817489398286039_8669856532758670673_n.jpg" alt="&quot;Moderato cantabile&quot;" width="720" height="638" srcset="http://www.francois-couturier.fr/wp-content/uploads/2014/08/10407118_817489398286039_8669856532758670673_n.jpg 720w, http://www.francois-couturier.fr/wp-content/uploads/2014/08/10407118_817489398286039_8669856532758670673_n-300x265.jpg 300w" sizes="(max-width: 720px) 100vw, 720px" /></a></p>
<p>&nbsp;</p>
<p><span style="font-size: 20px; color: #000000;"><strong>            « Moderato cantabile »</strong></span></p>
<p align="CENTER"><span style="font-size: 16px; color: #000000;">Sorti en Septembre 2015 chez Ecm</span></p>
<p align="CENTER"><a href="http://www.francois-couturier.fr/wp-content/uploads/2012/08/DUO.jpeg"><img loading="lazy" decoding="async" class="aligncenter wp-image-2711 size-full" src="http://www.francois-couturier.fr/wp-content/uploads/2012/08/DUO.jpeg" alt="" width="960" height="643" srcset="http://www.francois-couturier.fr/wp-content/uploads/2012/08/DUO.jpeg 960w, http://www.francois-couturier.fr/wp-content/uploads/2012/08/DUO-300x201.jpeg 300w, http://www.francois-couturier.fr/wp-content/uploads/2012/08/DUO-768x514.jpeg 768w" sizes="(max-width: 767px) 89vw, (max-width: 1000px) 54vw, (max-width: 1071px) 543px, 580px" /></a></p>
<p><a href="https://www.facebook.com/Lechner.Couturier">Page Facebook du duo</a></p>
<p><span style="font-size: small;"><span style="font-family: Courier New;"><span style="font-size: 11.5pt;"><br />
</span></span></span></p>
<p class="MsoNormal"><span style="font-size: 12px;"><span style="font-family: arial,helvetica,sans-serif;">L&rsquo;affinité musicale entre Anja Lechner et François Couturier est devenue une évidence lors de leurs concerts et enregistrements avec le  Tarkovsky Quartet. Dans ce nouveau duo, la violoncelliste allemande et le pianiste français dessinent une sphère musicale encore plus large  en jouant des pièces de  G.I. Gurdjieff, Federico Mompou et Anouar Brahem, ainsi que des compositions originales de   François Couturier.Nouveaux arrangements, interprétations libres et improvisations font partie intégrante de leur travail lorsqu&rsquo;ils explorent un répertoire situé, métaphoriquement ou historico-musicalement au carrefour de l&rsquo;Est et de l&rsquo;Ouest.   La musique du catalan Mompou a puisé ses influences, à différents niveaux, de l&rsquo;Impressionisme français, des sons de la nature et de la poésie mystique de Saint Jean de la Croix (Musica Callada).  Le philosophe Grec-Arménien et maître spirituel  Gurdjieff  a composé une musique influencée par ses voyages dans le Caucase et l&rsquo;Asie Mineure et qui intègre des adaptations de musique profane et de danses sacrées.   Anouar Brahem, le célèbre joueur de oud tunisien,  écrit une musique influencée à la fois par l&rsquo;Orient et l&rsquo;Occident.    François Couturier joue avec lui depuis de nombreuses années et maîtrise parfaitement ce style de musique.   Anja Lechner, de son côté, s&rsquo;est totalement immergée dans l&rsquo;univers sonore de  Gurdjieff. Son album “Chants, Hymns and Dances” (avec Vasillis Tsabropoulos) a été un succès critique et populaire et a influencé les études des compositions de Gurdjieff au sein même de son pays natal, l&rsquo;Arménie.    </span></span></p>
<p><span style="font-size: 12px;"><span style="font-family: arial,helvetica,sans-serif;">François Couturier et Anja Lechner collaborent aussi avec la chanteuse Maria Pia Di Vito au projet  « In Compagnia D’Amore », sur des arrangements par François Couturier de la musique de Pergolèse.Le travail avec le Tarkovsky Quartet continue et s&rsquo;est enrichi d&rsquo;un nouveau  projet audio-visuel « Le temps scellé », avec le fils du cinéaste.</span></span></p>
<p><a href="http://www.francois-couturier.fr/wp-content/uploads/2012/08/lechner-couturier-duo.pdf">&#8212;&#8212;&#8212;- Duo Lechner / Couturier &#8211; english version &#8211;                             &#8212;</a></p>
<p>&nbsp;</p>
<p><a href="http://www.francois-couturier.fr/wp-content/uploads/2012/08/Anja-François-2.jpg"><img loading="lazy" decoding="async" class="aligncenter size-medium wp-image-2714" src="http://www.francois-couturier.fr/wp-content/uploads/2012/08/Anja-François-2-300x200.jpg" alt="" width="300" height="200" srcset="http://www.francois-couturier.fr/wp-content/uploads/2012/08/Anja-François-2-300x200.jpg 300w, http://www.francois-couturier.fr/wp-content/uploads/2012/08/Anja-François-2-768x511.jpg 768w, http://www.francois-couturier.fr/wp-content/uploads/2012/08/Anja-François-2-1024x681.jpg 1024w" sizes="(max-width: 300px) 100vw, 300px" /></a></p>
<p>&nbsp;</p>
<p>&nbsp;</p>

<p>&nbsp; &nbsp;             « Moderato cantabile » Sorti en Septembre 2015 chez Ecm Page Facebook du duo L&rsquo;affinité musicale entre Anja Lechner et François Couturier est devenue une évidence lors de leurs concerts et enregistrements avec le  Tarkovsky Quartet. Dans ce nouveau duo, la violoncelliste allemande et le pianiste français dessinent une &hellip; </p>
<p class="link-more"><a href="http://www.francois-couturier.fr/?page_id=1667" class="more-link">Continuer la lecture<span class="screen-reader-text"> de &laquo;&nbsp;&#8211; Duo Anja Lechner / François Couturier&nbsp;&raquo;</span></a></p>
